13*u**2 - 302*u - 50. Let o(m) = 5*m**2 + 101*m + 17. Let h(n) = -11*o(n) - 4*y(n). What is the hundreds digit of h(10)?
6
What is the tens digit of 6116*((-16)/(-24) + 3*(-20)/(-72))?
7
Let k(o) = -5*o - 23. Suppose -1 = -3*u - 43. Let l be k(u). Suppose 5*j + l = 6*j. What is the tens digit of j?
4
Let n be 4/(-12) - (-14)/6. Suppose n*d = 2*i - 1520, 3*i = -2*i - d + 3776. Suppose f = 8*f - i. What is the units digit of f?
8
Let t(f) = -605*f - 1402. What is the units digit of t(-12)?
8
Let d(j) = -15*j - 4. Let m(n) = n**3 - 26*n**2 - n + 25. Let u be m(26). Let o be d(u). Suppose -2198 = -o*l - 207. What is the units digit of l?
1
Suppose -4*u + 0*s - 2*s + 1918 = 0, 3*u - 1446 = s. Suppose 10*c - 218 + 138 = 0. Suppose 0 = -c*h + u + 39. What is the units digit of h?
5
What is the hundreds digit of 20/1*(-3 - (-13325)/10)?
5
What is the thousands digit of (1/1)/(-7) + 1880190/910?
2
Suppose -5*g = -4*t - 6, 2*t - g = -0*t. Let b be 2/(6/t + -4). What is the units digit of (b/(-3))/(4/(-1500))?
5
Let i = -3219 + 2208. Let j = -312 - i. What is the tens digit of j?
9
Suppose n = 4*q + 9, 4*n - 2*q - 21 = 57. Suppose 16*x - 5845 = -n. What is the tens digit of x?
6
Suppose 0*b - 3*b + 10 = k, -2 = k - 3*b. Let w be (k + 12)*(21 - 1). Suppose -5*f + w = -75. What is the units digit of f?
9
Let a(i) = 139*i + 46. Let o be a(29). Suppose -o = -5*q + 2*v, -4*q + 3*v + 3115 + 148 = 0. What is the hundreds digit of q?
8
Let b(t) = t**2 - 5*t - 3. Let u be b(-1). Suppose u*q - p - 151 = 110, 2*p - 166 = -2*q. What is the units digit of q?
6
Suppose 5*h = 16 + 4. Suppose -10 = -3*r - v + 12, -5*r - 4*v + 53 = 0. Suppose h*t = 5*p + 625, 4*t - 3*t - 175 = -r*p. What is the units digit of t?
0
Let g be 13/(195/(-2920))*12/(-8). Let h = g - -877. What is the thousands digit of h?
1
Let w(z) = 0 - z + 20*z**3 + z**2 + 13 + 7*z - 47*z**3. What is the tens digit of w(-2)?
2
Suppose 232 = 5*h - 3*h. Let n be 4*(1230/(-12))/(-5). Let k = h - n. What is the tens digit of k?
3
Let c = -4527 + 7027. What is the tens digit of c?
0
Suppose 557*d = 590*d - 214302. What is the hundreds digit of d?
4
Let t(h) = 2*h**3 - 6*h**2 - 3*h - 3. Let q be t(6). Let v(y) = 330*y + 1654. Let g be v(-5). What is the hundreds digit of (8/g - 1)*q/1?
1
Let z = -151 - -281. Suppose -68 = z*d - 134*d. Let v(m) = 3*m - 26. What is the units digit of v(d)?
5
Let a(q) = -11*q**3 - 12*q**2 + 13. What is the tens digit of a(-13)?
5
Let r = 397 - 396. Let l(p) be the first derivative of 61*p**3 + 3*p**2/2 - p + 3. What is the tens digit of l(r)?
8
What is the hundreds digit of -6*((-18)/(-30) - 44/(-60))*-989?
9
Suppose -5*s = -3*m + 26152, 0 = -3*m + 276*s - 274*s + 26137. What is the units digit of m?
9
Suppose -l = 3*x - 19726, -2*l - x + 25349 = -14093. What is the units digit of l?
0
Let g(b) be the first derivative of b**4/4 + 2*b**3/3 - 5*b**2/2 - 3*b + 6. Let y be g(-3). Let v(f) = 10*f**2 + 5*f - 7. What is the units digit of v(y)?
8
What is the tens digit of (-63)/(-69) - (-2 + 3) - (-6682756)/1748?
2
Suppose -2*h + 1935 = -5*s, -4*s = h - 6*s - 970. Let k = h + -188. What is the units digit of k?
2
Let s(c) = -749*c**3 - 6*c**2 - 62*c - 150. What is the hundreds digit of s(-3)?
2
Let g(i) = 3*i**3 + 14*i**2 - 33*i + 42. What is the units digit of g(10)?
2
Suppose -3*v = 5*o - 37499, -49960 = -4*v + 15*o - 12*o. Suppose v = 8*a + 1229. What is the thousands digit of a?
1
Let b = 4519 + -8. Let v = b + -3211. What is the tens digit of v?
0
Let m(t) be the first derivative of 13*t**3/3 + t**2/2 - 7. Let u be m(-1). Let z = 68 + u. What is the units digit of z?
0
Let c(p) = -3*p + 63. Let l be c(28). Let a = 22 - l. Suppose -a = -x + 7. What is the units digit of x?
0
Let u = 89 - 82. Suppose -3*o + 121 - 499 = -3*b, 5*o = -2*b - 630. What is the hundreds digit of (66/(-9))/(u/o)?
1
Let a(y) be the first derivative of 16 + 10*y + 3*y**2 + 1/3*y**3. What is the units digit of a(-12)?
2
Suppose o = 2*a + 8650, 5*o - a = -6*a + 43235. What is the tens digit of o?
4
Let d(g) = 125*g**3 + 7*g**2 - g - 3. Let j be d(2). Suppose -j = 6*z - 9*z. What is the hundreds digit of z?
3
Let x = 41278 - 26744. Suppose -x = -22*t - 4832. What is the tens digit of t?
4
Suppose 79*x = 75*x + 5*q + 70445, x + 5*q - 17580 = 0. What is the tens digit of x?
0
Let c(y) = -65*y + 9. Suppose -2*n - j = 7, 4*n - 5*j = -9*j - 8. What is the tens digit of c(n)?
3
Suppose -16*b = -15*b - 369. Suppose 345 = 6*n - b. Let a = 199 - n. What is the tens digit of a?
8
Let g be 3 + (3 + -3 - 0). Suppose 0 = 3*j - g*x - 693, -2*j + 4*x = -0*x - 472. What is the tens digit of j?
2
Let q = 10917 - 2420. What is the tens digit of q?
9
Suppose -5*g - 4*p + 37070 = 1418, -4*p = 2*g - 14256. What is the tens digit of g?
3
Suppose -5*v + 289 - 259 = 0. Let i(n) = 9*n**2 + 3*n + 24. What is the units digit of i(v)?
6
Suppose -565*g + 566*g = 2*d + 2117, -8 = 4*d. What is the thousands digit of g?
2
Let q(a) = -2*a - 13. Let p be q(-8). Suppose p*g = 20 + 160. Suppose 20*m - 15*m = g. What is the tens digit of m?
1
Suppose -121218 - 130182 = -30*t. What is the units digit of t?
0
Let q = 286 - 276. Let d(j) = 59*j + 68. What is the units digit of d(q)?
8
Suppose -12*v - 13 = -1. What is the tens digit of (269 - (-2 + 18/6)) + v?
6
Let y = 3340 - 6238. What is the tens digit of -2*(-7 + y/12)?
9
Suppose 8178599 = 17*x + 126*x. What is the tens digit of x?
9
What is the units digit of 56/(-784) + 34556/56?
7
Let g = -1085 - -8724. What is the thousands digit of g?
7
Suppose -1891 = -2*d - 3*h, -2*h = -34*d + 29*d + 4775. What is the hundreds digit of d?
9
Let j(q) = 7*q - q**3 + 2*q**3 + 33*q - 16*q**2 - 211 + 5*q - 18*q**2. What is the units digit of j(33)?
5
Suppose -17 + 0 = -k - 2*t, 5*k = t + 129. Suppose -2*m = 5*g + m - 45, -5*g = -m - k. Let s(w) = 9*w + 2. What is the units digit of s(g)?
6
Let o(w) = -17 - 83 - 42 + 197*w. What is the tens digit of o(5)?
4
Let x(r) be the first derivative of -57*r**2 - 38*r - 7. Let m be x(-4). Let f = -210 + m. What is the tens digit of f?
0
Suppose -11*k - 525385 = -6*k - 40*k. What is the hundreds digit of k?
0
Let t(u) = -2*u**2 - 3*u. Let i be t(-5). Let j = i - -91. What is the tens digit of j + (10 - 4 - 3)?
5
Suppose 25504 + 83288 = 18*q. What is the units digit of q?
4
Let b be -2 - (-31)/3 - 5/(-3). Let j(h) be the third derivative of h**5/60 + h**4/24 - 10*h**3/3 - 4*h**2. What is the tens digit of j(b)?
9
Let v = 248 - 243. Suppose 5*k + x - 482 = -x, -k = -v*x - 91. What is the tens digit of k?
9
Let d(f) be the second derivative of -7/6*f**3 - 17/2*f**2 - 14*f + 0. What is the tens digit of d(-7)?
3
Let a = -133 + 130. Let g(s) = -6*s**3 - 5*s**2 - 5*s - 9. What is the units digit of g(a)?
3
Let k(w) = 29*w**2 + 110*w - 4110. What is the ten thousands digit of k(45)?
5
What is the thousands digit of 9 + 7515 + 5 - (-3)/2*-4?
7
Let w(r) = -3 - 18*r - 9*r**2 - 6 + r**3 - 13*r. Let d be w(13). Suppose -3*f - 5*h + 324 = 0, -2*f - 35 = -h - d. What is the hundreds digit of f?
1
Let x(v) = v**3 + 9*v**2 - 34*v - 14. Let t = -54 - 41. Let q = t - -84. What is the hundreds digit of x(q)?
1
Suppose 16*q = 3*q + 6279. Suppose n - 3*c - q = 0, -4*c + 677 + 772 = 3*n. What is the hundreds digit of n?
4
Suppose 0 = 2*q - 0*q + 6, 4*i - 5*q = 57471. What is the thousands digit of i?
4
Let s(h) = -16*h - 43. Let v be s(-5). Let b be -2 + 2 + (0 - -2). Let y = b + v. What is the units digit of y?
9
Suppose g - 1803 = -4*a, a - 719 = 2*g - 266. Suppose 5*o - a = 3*o - 3*d, -3*d - 9 = 0. What is the hundreds digit of o?
2
Suppose 32 - 36 = -2*p. Suppose 0 = -p*f - 4*y + 2522, 2*y + 2*y = -8. Suppose 5*n + 90 = f. What is the units digit of n?
5
Let h(n) = n - 4. Let q be h(6). Let j = -118 - -173. Suppose -q*g + j = -107. What is the tens digit of g?
8
Suppose 0*r = -6*r + 606. Let w = 71 - r. What is the units digit of (-2)/15 - 2074/w?
9
Let z = -5013 + 10138. What is the tens digit of z?
2
Let g = 57 - 0. Let o = g + -54. Suppose -171 = -o*y + 45. What is the tens digit of y?
7
Let n(q) = 4*q**2 + 485. Let r be n(0). What is the hundreds digit of (-2)/(-5)*r + -5?
1
Let z = 6 + -5. Suppose -a - 4 + 23 = 4*t, -t - a = -z. Suppose -4*g + 2*g - t = 0, -5*m + 278 = -g. What is the u